t is the hundreds digit of l(38)?
5
Let c = 78 - 48. Let q be 3776/c - (-6)/45. Suppose m - 142 = -m - 5*w, 0 = 2*m + w - q. What is the units digit of m?
1
Suppose 0 = 466*d - 528*d + 646226. What is the units digit of d?
3
Let g be (76/(-20))/(14/490). What is the tens digit of 38/g + 8301/21?
9
Suppose 10*d = 12*d + 3*r - 7910, -2*d + 7914 = 5*r. Suppose -d = -8*y + 1032. What is the hundreds digit of y?
6
What is the ten thousands digit of (-87768)/(40/(-5)) + 12?
1
Let k(a) = 2*a**3 + 2*a**2 - 1. Let i be k(-1). Let v = i - -5. Suppose -2*c - v*z = 4 - 422, -4*c + 816 = 3*z. What is the tens digit of c?
0
Let m = 47 + -55. Let i(v) = 21*v**2 - v + 13. What is the units digit of i(m)?
5
Let u = -79 - -85. Suppose 4*z - 28 = -4*w, -5*w - 3*z + u*z + 3 = 0. Suppose 7 + 56 = w*h. What is the tens digit of h?
2
Suppose 690 = 3*u + 2*y - 163, -5*u + 1415 = 2*y. Suppose 67 + u = 3*r. Suppose -9*m + r = -55. What is the units digit of m?
9
Let q = 10591 + -5817. What is the thousands digit of q?
4
Let g(o) be the third derivative of o**6/144 - o**5/15 - 5*o**4/12 - 19*o**2. Let n(m) be the second derivative of g(m). What is the units digit of n(3)?
7
Suppose -32*u + 604663 = -63945. What is the thousands digit of u?
0
Let l = 2772 + -1927. What is the hundreds digit of l?
8
What is the ten thousands digit of 72/15*(-813050)/(-345)?
1
Suppose 4*a - 4 = 0, -6873 = -5*o + 3*a - 636. What is the hundreds digit of o?
2
Let i(k) = k**3 - 24*k**2 - 25*k + 34. Let j be i(25). Let p be 16677/j + 3/(-2). Let z = -313 + p. What is the tens digit of z?
7
Let p = 44614 - 29984. What is the hundreds digit of p?
6
What is the ten thousands digit of (1910 + (-7 - -5) + 2)/(9/54)?
1
Let y(v) be the first derivative of v**4/4 - 26*v**3/3 - 8*v**2 - 18*v - 25. What is the units digit of y(27)?
9
Suppose -40*h + 25*h - 92016 = -31*h. What is the thousands digit of h?
5
Let d(i) = -i + 51. Let p be d(43). Suppose u + 2*v - 670 = 0, 5*v - p - 3322 = -5*u. What is the hundreds digit of u?
6
Let j = -2 - 62. Let i = j + 117. Suppose -52*r + i*r = 27. What is the units digit of r?
7
What is the hundreds digit of (-40)/((2 - -1) + (-10008)/3330)?
4
Suppose k + 3*k = 0. Suppose -l + k*l - 6 = -q, 2*q + l = 9. Suppose d + 179 = -0*w + 2*w, 0 = w - q*d - 85. What is the units digit of w?
0
Let p(i) = 26*i**3 - i. Let a be p(1). Let x = a + -34. What is the tens digit of 3*59*(-6 - 57/x)?
5
Let m = -50839 + 72897. What is the tens digit of m?
5
Let f = -13301 + 20521. What is the hundreds digit of f?
2
Let f(c) = -c**3 - 7*c**2 - 4*c - 87. Let r be f(-8). Suppose -1296 = 4*q - r*q - 2*h, 5*q + 3*h - 1294 = 0. What is the units digit of q?
0
Let q(o) = o**3 - 12*o**2 + 15*o - 7. Let m(n) = 2*n**3 - 10*n**2 + 2*n + 3. Let c be m(5). What is the tens digit of q(c)?
5
Let g(a) = a**3 - 35*a**2 + 16*a + 55. What is the tens digit of g(49)?
5
What is the hundreds digit of 4466560/980 - ((-4)/14 - 0)?
5
Suppose -279 = 4*k - 35639. What is the hundreds digit of k?
8
Let g(d) = 88*d**3 - 2*d**2 + 97*d - 368. What is the hundreds digit of g(4)?
6
Let b(t) = -2*t + 67. Let z be b(31). Suppose 0 = 4*x - 2*i - 664, 5*i - 664 = -9*x + z*x. What is the hundreds digit of x?
1
Suppose 7*l - 4*w - 112123 = 0, -4*l - 3*w - 13848 = -77950. What is the units digit of l?
1
Let x be 1/((4/(-6))/(-2)). Let q(j) be the third derivative of 7*j**4/8 + 4*j**2 + 12. What is the units digit of q(x)?
3
Let r(g) = 13*g**2 + g + 4. Suppose 4 = n + d, -d = -4*n - 4*d + 12. Suppose -5*i = -3*y + 19, 0 = 5*y - 2*i - n*i. What is the tens digit of r(y)?
5
Let q be 2 - (-4 + (-42)/(-7)). Suppose q = 4*h - 136 - 80. What is the units digit of h?
4
Suppose 148 - 13 = -4*r - 3*x, -2*x = -2*r - 50. Let c = 10931 - 10895. What is the tens digit of c/(((-8)/(-6))/((-100)/r))?
9
Suppose 3*s + 2*w + 9 = 0, -4*s - 4*w - 11 = -5*s. What is the units digit of ((-10820)/(-180))/(s/(-3))*3?
1
Let p(i) = -i**3 + i**2. Let n be p(1). Suppose 6*l + 181 - 487 = n. What is the units digit of l?
1
Let z = 22 + -30. Let d(n) = n**3 + 5*n**2 + 4*n + 7. Let o be d(z). Let q = o + 407. What is the units digit of q?
0
Let c(q) = q**2 + 9*q + 13. Let x be c(-8). Suppose -5*t - 282 = -l, 4*t + x*l - 3*l = -220. Let n = t + 148. What is the units digit of n?
2
Let q = 21862 + -9376. What is the units digit of q?
6
Suppose -2*i + 7*i - 5*d + 10 = 0, 5*i - 4*d = -6. Let q(j) = j - j - j**3 + 12 - 76*j**i + 86*j**2. What is the tens digit of q(5)?
3
Let m(l) = 1656*l - 1251. What is the tens digit of m(10)?
0
Suppose -4*l + 8 = -0*l. Let o(h) = -h**2 + 3*h - 2. Let f be o(2). What is the tens digit of 19*(1 - l)*(-1 + f)?
1
Suppose k = -b + 22686, -4*b + 3*k = -90960 + 258. What is the hundreds digit of b?
6
Suppose -r = -3*q + 3, r + 0 = 3. Suppose 5*k = 4*g + 25, -12 = -0*k - 2*k + q*g. What is the units digit of k?
1
What is the hundreds digit of (-11)/(55/50) + 7429 + 45?
4
Let k = 263 + -142. Let v(n) = 5*n**2 + 16*n + 9. Let j be v(-4). Let t = j + k. What is the tens digit of t?
4
Suppose -592 = -3*p - 2*p + a, -4*p = 4*a - 488. Let z = p + 200. What is the units digit of z?
9
Let k = -10523 + 14227. What is the tens digit of k?
0
Let l(v) = -v + 13. Let f be l(13). Suppose -1193 = -4*q + 5*p + 602, f = -3*q + 5*p + 1345. What is the tens digit of q?
5
Let l(d) = 2*d**2 + 36*d - 24. Let m be l(-19). Suppose 0 = m*n - 12*n - 28. Suppose -26*h + n = -25*h. What is the tens digit of h?
1
Suppose -3*p + 10837 = j - 10673, -2*p = 5*j - 14340. What is the thousands digit of p?
7
Suppose 0 = -90*b + 83*b + 56. Suppose -b*w + 15*w = 5558. What is the units digit of w?
4
Let f = 364 - 150. Let p = f + 703. What is the tens digit of p?
1
Let i = 735 + 34. Suppose -r + 5*f = -5*r + i, -2*f - 380 = -2*r. Suppose 38*y - 39*y + r = 0. What is the units digit of y?
1
Suppose 2*g = 47 - 185. Let p = g + 1. What is the units digit of 326/8 + (-17)/p?
1
Suppose 0 = -97*h + 1187511 + 287568. What is the units digit of h?
7
Suppose -52768 - 39313 + 31482 = -7*q. What is the tens digit of q?
5
Let s = 2155 - 702. Suppose -365 = 2*c - s. Suppose -5*r + 0*a + 2*a = -c, 3*r - 339 = -3*a. What is the units digit of r?
0
Let c = -1763 + 4755. What is the units digit of c?
2
Let s(z) = -41*z + 1074. What is the tens digit of s(0)?
7
Suppose -263 = -245*t - 18. Let k(v) = 130*v + 2. Let j(o) = -65*o - 1. Let z(i) = -13*j(i) - 6*k(i). What is the units digit of z(t)?
6
Let n(y) be the first derivative of -7*y**2/2 + 4*y - 17. Let i be n(0). Suppose 4*l - 253 = -2*p + 415, 354 = 2*l - i*p. What is the units digit of l?
9
Suppose -5*y + 216*q + 15861 = 215*q, 4*y - 3*q - 12691 = 0. What is the tens digit of y?
7
Let y(j) = 6*j - j - 3*j + 0 - 1 - 3*j**2. Let g be y(2). What is the tens digit of (-128)/g - (-8)/(-108)*3?
1
Let n(u) = -3 + 11 - 6 + 11 + 27*u - u**2. Let i(w) = -w**3 + 7*w**2 + 7*w + 34. Let r be i(8). What is the units digit of n(r)?
9
Suppose 0 = 56179*m - 56142*m - 1258296. What is the units digit of m?
8
Let r(g) be the first derivative of -31*g**2/2 - 103*g + 152. What is the tens digit of r(-14)?
3
Suppose -4*k = -16, 4*b - 8*k = -6*k - 120. Suppose -r - 4 + 5 = 5*o, 0 = o. What is the units digit of (-1)/(-2)*r + (-5418)/b?
4
Suppose 612*r - 616*r - 265700 = -4*n, 66443 = n + 5*r. What is the tens digit of n?
2
Let b be -1 - 2 - (-21 + 15). Suppose -3*y = 4*q - 156 - 2827, -y = b*q - 2231. What is the units digit of q?
2
Suppose 0 = -2*k - k - 5*i + 60, 3*k + 2*i - 69 = 0. Suppose 0 = 4*q - 2*h + 82, 7*h + k = 2*h. Let f(n) = n + 28. What is the units digit of f(q)?
5
Let c(i) = i**3 - 12*i**2 - 11*i - 26. Let g be c(13). Suppose 0 = 4*o + 3*y - y - 5728, g = 4*o - 2*y - 5728. What is the tens digit of o?
3
Let f(i) = -i**2 - 4*i + 50. Let q be f(-9). Suppose q*s - 1488 = 2087. What is the units digit of s?
5
Suppose 0 = 3*n - 3, -j + n + 2 = -0*j. Suppose -23*u - 17 = -109. Suppose 0 = -j*r - 3, -u*o - 4*r + 1614 = 642. What is the hundreds digit of o?
2
Let w(z) = 1249*z - 6653. What is the ten thousands digit of w(22)?
2
Suppose 0*p - 5*p = 0. Let i be 156/36 - 2/6. Suppose i*k - 268 = -p*k. What is the units digit of k?
7
Let a = 79 + -71. Suppose 3*l - l + a = 0, 695 = 5*b - 5*l. What is the hundreds digit of b?
1
Suppose -3*x - x = -x